et j(t) = -10*t**3 - 5*t**2 + t + 12. Let y be ((-10)/8)/((-25)/(-100)). What is the thousands digit of j(y)?
1
Let l(q) = 182*q**2 + 16*q + 119. What is the thousands digit of l(-6)?
6
Let d(s) = 2*s**2 + 2*s + 14. Suppose 2*m - 3*m = -2, 20 = 5*t - 5*m. Let w be (t - 0/(-2)) + -1. What is the units digit of d(w)?
4
Suppose -30*k - 68780 + 629633 = 28203. What is the units digit of k?
5
What is the tens digit of (-2483290)/501*(-13)/5 + 1/(-3)?
8
Let p = 92 - 93. Let j be 4 - p/((-3)/(-675)). Suppose 3*h = j + 302. What is the units digit of h?
7
Let w(y) = y**2 - 10*y + 19. Let a be w(7). What is the hundreds digit of -1 + ((-70)/30)/(a/138)?
1
Let a(d) = -d + 5. Let s be ((-6)/9)/(2/(-6)). Let k be a(s). Suppose -z + 252 = k*z. What is the tens digit of z?
6
What is the units digit of (-1035)/(-805)*(-14574)/(-9)?
2
Let c(r) = 25 + 215*r + 5 - 66*r. Let j be c(6). What is the units digit of (-1)/(-5) + j/55?
7
Let m = 11238 - 7044. What is the hundreds digit of m?
1
What is the units digit of 4766 - (8 + -18) - (-1 - -3)?
4
Let w(j) = j**3 - 7*j**2 - 7*j - 33. Let z(s) = 2*s**3 - 8*s**2 - 6*s - 33. Let g(p) = 4*w(p) - 3*z(p). What is the tens digit of g(-8)?
1
Suppose -250*f + 248*f = -4. Suppose -20 + 17 = -3*u, 0 = f*s + 4*u - 1742. What is the units digit of s?
9
Let u be 20/15*-3 + 5. Let y(m) = 631*m**2 - 9*m + 10. What is the tens digit of y(u)?
3
Let f be -4 - (-2)/4*-8. Let q(i) be the second derivative of i**5/20 + 3*i**4/4 - i**3 + 7*i**2/2 + 5*i. What is the hundreds digit of q(f)?
1
Suppose 4*f = -2*r + 9 - 23, 2*f = 4*r - 22. Suppose 3 = -r*d + 9. Suppose 0 = d*y - 148 - 50. What is the tens digit of y?
9
Suppose 4*j = -5*l + 184124, -20*j + 5*l - 138093 = -23*j. What is the hundreds digit of j?
0
Suppose 5 = 2*s - 3*s, 5*s + 565 = 5*f. Suppose 5*l - 6*l + 3*x + f = 0, -2*l = 2*x - 200. What is the hundreds digit of l?
1
Let c(d) = -281*d - 565. What is the units digit of c(-6)?
1
Let w be 3*1*(11 - 12). Let u be (-1*6/(-15))/(w/(-30)). Suppose 0 = 2*m - u*m + 128. What is the tens digit of m?
6
Let x(o) = -3*o**3 + 36*o**2 + 50*o + 74. Let p(v) = -17*v**3 + 179*v**2 + 249*v + 369. Let f(i) = -2*p(i) + 11*x(i). What is the tens digit of f(-36)?
9
Let l(p) = 5*p**2 + 4*p - 22. Let b be l(10). Suppose 0 = -4*z - 118 + b. Suppose -k + z = k. What is the units digit of k?
0
Let t(c) = -8*c**3 - 9*c**2 + 4*c + 4. Let f be t(3). Let y = -102 - f. Suppose -25 = 3*w + 2*w, q = 5*w + y. What is the hundreds digit of q?
1
Let k(h) = -2*h. Let o(s) = 29*s + 132. Let q(b) = -4*k(b) + o(b). What is the thousands digit of q(28)?
1
Suppose 3*k - 16493 = -4*l, -6*k = 109*l - 111*l - 32936. What is the units digit of k?
1
What is the tens digit of 39014 + (69 - 69)/(1 + -6)?
1
Let s(w) = -6*w - 13. Let u be s(-3). Suppose -u*l - 5*p = 0, -4*l + p + 12 = -p. What is the units digit of (l + (-3 - -2))*(3 + 86)?
9
Suppose 0 = 46*f - 5*f - 187780. What is the hundreds digit of f?
5
Let g(p) = 0*p - 4 + 0*p + 2*p - 4*p + 3*p**2. Let u = 10 - 15. What is the units digit of g(u)?
1
Let o(g) = -g**3 + 7*g**2 + 9*g - 11. Let m be o(8). Let k be -3 + 103 + m + 1. Suppose -6*r + k + 106 = 0. What is the tens digit of r?
3
Suppose 4*l + 8*l = 209*l - 18212650. What is the hundreds digit of l?
4
Suppose -8*t + 4*t + 92 = 0. Let r = t - 20. Suppose -n + 0*p = -p - 197, -r*n + 2*p + 588 = 0. What is the tens digit of n?
9
Let l(t) = 167*t**2 - 313*t + 6. What is the tens digit of l(4)?
2
Let t(r) = r**3 + 19*r**2 + 20*r - 17. Let j be ((-2)/5)/((-813)/(-135) + -6). Let v be t(j). Let c = 85 + v. What is the units digit of c?
2
Let u = 6 + 8. Let b(w) = 23*w - 47. What is the units digit of b(u)?
5
Suppose 47*j - 305 = -14*j. Suppose -1040 = -5*s + j*f, -3*s - 835 = -7*s + f. What is the units digit of s?
9
Let g be (-24)/(-32) - (-87)/(-24)*-2. Suppose -g*w + 1031 = -7993. What is the hundreds digit of w?
1
Let c = 1382 + 5868. What is the units digit of c?
0
Let z = 153 - 150. What is the units digit of 2/(-1 - -7) - (-83)/z?
8
Suppose -4 = -3*m + 5, -2*p + 2*m = 12. Suppose -6*f = 22*f - 167*f + 19321. What is the units digit of 3 + f - (2 - p)?
7
Suppose 0 = -629*s + 964*s - 6258470. What is the units digit of s?
2
Let m(k) = 20850*k + 1925. What is the hundreds digit of m(4)?
3
Suppose 4*m + 675*f - 677*f - 60512 = 0, 5*m - 75647 = -f. What is the hundreds digit of m?
1
Suppose -v = 2*v - 6. Let z(i) = 318*i**2 + 226*i - 226. Let s be z(1). Suppose 108 + 36 = l - v*h, -s = -2*l - 2*h. What is the units digit of l?
4
Let w(a) = -2*a**2 + a + 280. Let k be w(0). Let n = 69 + k. What is the units digit of n?
9
Suppose -5*b + 110 = 5*t, 0 = -b + 2*b - 3*t - 18. Let f(g) = -76*g - b*g - 45*g - 70*g - 2. What is the units digit of f(-1)?
0
Let l be (-1)/(33/(-8) + 4). Suppose -l = -2*h + 2. Suppose 0 = h*a - 569 - 116. What is the tens digit of a?
3
Suppose -10209*o + 10211*o = 51230. What is the units digit of o?
5
Suppose -32*k + 27*k + 55 = 0. Suppose 4*n + 2*m - 754 = 0, -m = k - 12. What is the hundreds digit of n?
1
Suppose -1146 = -3*k + 2*u, -3*u = -3*k - 242 + 1394. What is the tens digit of k?
7
Let p be (-40)/(-15) - 4/6. Suppose -7 - 1 = 2*v, -3*v - 20 = -p*n. Suppose -4*z = -l - 308, 2*z - 154 = -0*z - n*l. What is the units digit of z?
7
Let n(c) = 466*c**2 + 630*c**2 - 9 - 130*c**2 + 0 + 9*c - 159*c**2. What is the hundreds digit of n(1)?
8
Let j be 2*5/(-40) + (-42)/(-8). Suppose 3*o - 24 = -j*o. Suppose 4*g - 5*c + 334 = 6*g, o*c + 12 = 0. What is the hundreds digit of g?
1
Suppose -2*q + 0 = -6. Let k(o) = o**2 + 17*o + 8. Let v be k(-20). Suppose q*j + 54 = 2*r + 3*r, -4*j + v = 5*r. What is the tens digit of r?
1
Suppose 0 = -3*w - 3*w + 30. Suppose -1593 = 3*s - w*h, 4*s + 0*h + 2150 = -2*h. Let c = -372 - s. What is the hundreds digit of c?
1
What is the tens digit of (50382/2177)/((-3)/(-3164))?
0
Let x(r) = 28*r - 66. Let f be x(5). Suppose 0 = f*p - 75*p + 54. What is the units digit of p?
4
Suppose -203*h + 468 = -197*h. Let s(w) = w**3 + 5*w**2 - w - 5. Let v be s(-6). Let p = v + h. What is the units digit of p?
3
Suppose 167*l - 165*l = 3*v - 789, l = v - 261. What is the tens digit of v?
6
Let g be 3/(-3*3/(-87)). Suppose -23 = -3*d - 2*f, 5*d - g = d - f. Suppose -d*u + 865 = 11. What is the tens digit of u?
2
Suppose -5*h = -11*h - 690. Let a be h/20 + 3/(-12) + 0. What is the units digit of ((-24)/(-32))/(a/(-32))?
4
Let o(n) = -12*n**3 - 6*n**2 - 5*n - 7. Let p(j) = -j**3 - 2*j - 3. Let s be p(0). What is the tens digit of o(s)?
7
Suppose 34*t - 29*t + 3*o = 48105, -2*t + 19263 = -3*o. What is the tens digit of t?
2
Suppose -80*i + 405326 = 140846. What is the hundreds digit of i?
3
Suppose -2*r = -3*t - 28072 + 1880, 2*t = -2*r + 26212. What is the hundreds digit of r?
1
Suppose -3*b - 9 = -3*r, -b - 22 = -3*r - 9. Suppose -3*h - 540 = -12*h. Let m = r + h. What is the tens digit of m?
6
Let h be 2 - -108 - (3 + -7). Suppose m = -p + 64, -h = -2*p + 4*m + 38. Let o = p - 47. What is the units digit of o?
1
Suppose -9 = -13*z + 17. Suppose 149 = q - 5*p, 109 = -z*q + 2*p + 391. What is the hundreds digit of q?
1
Let h = 7 + -7. Suppose h = 4*k + z + 17867, 7113 = -3*k - z - 6288. What is the units digit of (1 - 2)/6 - k/84?
3
Let g = 12889 - 8028. What is the tens digit of g?
6
Let b(o) = -115*o + 1363. Let l be b(12). Let g(p) be the first derivative of -p**3/3 - 25*p**2/2 - 7*p - 1. What is the hundreds digit of g(l)?
1
Let a(k) be the second derivative of -3*k**2 + 17*k + 13/6*k**3 - 1/20*k**5 + 0 - 3/4*k**4. What is the tens digit of a(-11)?
9
What is the tens digit of (1/2)/(-21*(-4)/3250464)?
4
Suppose -5*b = -3*x + 1048, -4*x = -0*x + 5*b - 1444. Suppose 0 = 12*p - 27*p - 2295. Let a = x + p. What is the tens digit of a?
0
What is the tens digit of 19*30/2565 - 77245/(-9)?
8
Let s(l) = 50*l**3 - 7*l**2 - 28*l - 1. What is the thousands digit of s(5)?
5
Let w(q) = q**2 + 4*q - 12. Let v be w(-6). Suppose 5*t + 249 + 164 = -3*x, 5*x + 5*t + 685 = v. Let p = x + 250. What is the units digit of p?
4
Suppose -18*i - 9 - 81 = 0. What is the units digit of 512 + (-3 - -16) + 0 + i?
0
Suppose -136 = -5*g - 36. Suppose g - 16 = -f. What is the hundreds digit of (-473)/f - 10/40?
1
Let d(s) = -5*s + 48. Let j be d(9). Let n b